mon factor of 52900 and 54880?
20
What is the greatest common factor of 82 and 189160?
2
What is the highest common factor of 45253 and 529997?
767
Calculate the highest common factor of 6747 and 34651035.
519
What is the greatest common divisor of 5238195 and 1370?
685
What is the greatest common factor of 531 and 327037?
59
Calculate the highest common factor of 2998 and 972851.
1499
What is the highest common divisor of 391 and 11093707?
17
Calculate the greatest common factor of 2067595 and 1220.
305
Calculate the greatest common divisor of 57288 and 296484.
372
Calculate the greatest common divisor of 12489546 and 127518.
2406
What is the greatest common divisor of 2013 and 114015?
33
What is the greatest common divisor of 64554 and 212744?
406
What is the greatest common divisor of 1608815 and 22165?
65
What is the highest common divisor of 839388 and 4180?
44
What is the greatest common factor of 177748028 and 8?
4
What is the highest common divisor of 20106 and 300980118?
6702
Calculate the greatest common factor of 1083 and 17709577.
361
What is the highest common factor of 33712 and 14144291?
2107
Calculate the highest common factor of 426 and 145249386.
426
What is the greatest common divisor of 120458363 and 626?
313
What is the greatest common divisor of 114329 and 38?
1
Calculate the greatest common factor of 110046717 and 3267.
1089
What is the highest common factor of 78 and 3158961?
39
What is the greatest common factor of 251158 and 729266?
3026
Calculate the highest common factor of 94 and 210039.
1
Calculate the highest common divisor of 315 and 933513.
21
What is the highest common factor of 627 and 19170?
3
What is the greatest common divisor of 80006106 and 6?
6
Calculate the greatest common factor of 36078279 and 876.
219
What is the highest common factor of 5472 and 466976?
32
What is the greatest common factor of 66942 and 42786?
18
Calculate the highest common factor of 125673 and 434073.
771
Calculate the greatest common divisor of 12822793 and 1797.
599
Calculate the highest common divisor of 66814 and 530926.
22
What is the greatest common divisor of 206399018 and 42?
14
Calculate the greatest common divisor of 23 and 64150473.
23
Calculate the greatest common factor of 50691 and 162045.
831
Calculate the greatest common divisor of 1070543618 and 239.
239
What is the greatest common divisor of 339227076 and 8628?
8628
What is the greatest common divisor of 344 and 355978252?
172
What is the highest common divisor of 413553 and 53964267?
8799
Calculate the highest common factor of 234768 and 2832.
48
What is the highest common factor of 60523685 and 905?
905
Calculate the greatest common factor of 208 and 113393436.
52
Calculate the greatest common divisor of 235 and 992255.
5
What is the greatest common divisor of 42629 and 57575?
47
Calculate the highest common divisor of 12953574 and 1.
1
What is the highest common divisor of 187 and 2123484?
11
Calculate the highest common factor of 14794502 and 2644.
1322
What is the greatest common divisor of 27896 and 630830?
634
Calculate the highest common factor of 920018875 and 4625.
4625
What is the greatest common divisor of 498271523 and 3781?
3781
What is the highest common divisor of 69 and 15013296?
69
What is the greatest common divisor of 22429605 and 1320?
165
Calculate the highest common divisor of 1117634 and 3686.
194
What is the greatest common factor of 49368 and 20391041?
2057
What is the greatest common factor of 21315 and 21321090?
3045
Calculate the highest common divisor of 5278928 and 5138.
734
What is the highest common factor of 134255 and 495?
55
Calculate the greatest common factor of 19778800 and 63828.
788
What is the greatest common divisor of 5177 and 1199593732?
5177
Calculate the highest common factor of 166170197 and 2763.
307
Calculate the highest common factor of 1302 and 290265834.
186
What is the highest common divisor of 266822493 and 7?
7
What is the greatest common divisor of 130 and 9652630?
130
What is the greatest common factor of 3616 and 9775856?
1808
What is the greatest common factor of 1736 and 3549196?
28
What is the highest common factor of 1060 and 1806800?
20
Calculate the greatest common divisor of 30638242 and 9144.
254
What is the greatest common divisor of 810 and 10299?
3
Calculate the highest common factor of 555501257 and 4817.
4817
Calculate the highest common divisor of 913350 and 13170.
30
Calculate the highest common factor of 198644478 and 11580.
1158
Calculate the highest common divisor of 49824732 and 12.
12
What is the highest common factor of 2507 and 176116750?
2507
Calculate the highest common divisor of 1905 and 1342770.
15
Calculate the highest common divisor of 1220780 and 165.
55
What is the highest common divisor of 616 and 26106388?
308
What is the greatest common divisor of 2279884 and 4676?
668
Calculate the greatest common factor of 60675 and 94170027.
2427
Calculate the highest common divisor of 8903750 and 2514.
838
What is the greatest common divisor of 1330965788 and 232?
116
What is the highest common factor of 1391952 and 4444868?
2468
What is the highest common factor of 115 and 17827346?
23
Calculate the greatest common factor of 1340 and 2175892.
268
What is the highest common divisor of 156858 and 124442691?
6033
Calculate the highest common divisor of 12042 and 20684142.
4014
What is the greatest common divisor of 3408930 and 32970?
210
What is the highest common divisor of 76605004 and 42?
14
Calculate the highest common factor of 66 and 434995341.
33
What is the greatest common factor of 1403 and 32492565?
61
Calculate the highest common divisor of 640 and 19598360.
40
Calculate the highest common divisor of 1582616 and 11092.
236
What is the highest common divisor of 264926 and 62248?
62
What is the highest common factor of 12454 and 3536?
26
Calculate the highest common divisor of 239944 and 26672.
8
Calculate the greatest common divisor of 9600 and 1281792.
384
What is the highest common divisor of 33811111 and 31?
31
What is the greatest common divisor of 791 and 1103901407?
791
Calculate the greatest common divisor of 1809750 and 100.
50
What is the highest common factor of 142757080 and 3050?
610
Calculate the highest common divisor of 3168 and 27248544.
288
What is the greatest common divisor of 330 and 287559690?
330
What is the greatest common factor of 22008 and 43723608?
3144
Calculate the highest common divisor of 390 and 1265467125.
195
What is the highest common factor of 635126267 and 316?
79
Calculate the greatest common factor of 778089 and 1170.
39
What is the highest common divisor of 91467 and 1269?
9
What is the greatest common factor of 128355 and 3096?
129
Calculate the highest common factor of 2576587 and 143.
13
What is the greatest common factor of 16643 and 206925?
89
Calculate the highest common factor of 48132057 and 93.
93
What is the highest common factor of 418 and 398200?
22
What is the greatest common factor of 1416136566 and 8814?
8814
What is the greatest common divisor of 8056263 and 120675?
4827
Calculate the greatest common factor of 65911 and 18620.
19
Calculate the greatest common divisor of 1655 and 26781541.
331
What is the highest common factor of 2201423 and 11809?
49
Calculate the highest common divisor of 350138781 and 81.
81
Calculate the greatest common factor of 85 and 73508085.
85
What is the greatest common divisor of 2588612 and 203582?
1486
What is the greatest common factor of 1161932 and 39263?
79
Calculate the greatest common divisor of 3778414 and 757153.
7351
What is the highest common factor of 1490713 and 8?
1
What is the greatest common factor of 386 and 248284271?
193
What is the highest common factor of 8040 and 41988?
12
Calculate the highest common divisor of 180 and 42252012.
36
What is the greatest common factor of 59711582 and 4046?
238
What is the greatest common factor of 1024 and 33435200?
64
What is the greatest common divisor of 40595 and 1771?
23
What is the highest common divisor of 78215060 and 55?
55
Calculate the highest common factor of 39262002 and 624.
78
What is the greatest common divisor of 882360 and 1112184?
4104
Calculate the highest common divisor of 2600 and 7132424.
104
Calculate the high